{"id":76,"date":"2019-05-29T14:49:46","date_gmt":"2019-05-29T12:49:46","guid":{"rendered":"https:\/\/www.schuetzgesellschaft.de\/?page_id=76"},"modified":"2026-04-14T12:12:08","modified_gmt":"2026-04-14T10:12:08","slug":"home-2","status":"publish","type":"page","link":"https:\/\/www.schuetzgesellschaft.de\/","title":{"rendered":"HOME"},"content":{"rendered":"\n<h2 class=\"wp-block-heading\">Herzlich willkommen bei der Internationalen Heinrich-Sch\u00fctz-Gesellschaft e.V.<\/h2>\n\n\n<div class=\"wp-block-image\">\n<figure class=\"alignleft size-full is-resized\"><img loading=\"lazy\" decoding=\"async\" width=\"670\" height=\"998\" src=\"https:\/\/www.schuetzgesellschaft.de\/wp-content\/uploads\/2026\/04\/Schutz.jpg\" alt=\"\" class=\"wp-image-4987\" style=\"width:auto;height:150px\" srcset=\"https:\/\/www.schuetzgesellschaft.de\/wp-content\/uploads\/2026\/04\/Schutz.jpg 670w, https:\/\/www.schuetzgesellschaft.de\/wp-content\/uploads\/2026\/04\/Schutz-201x300.jpg 201w\" sizes=\"auto, (max-width: 670px) 100vw, 670px\" \/><\/figure>\n<\/div>\n\n\n<p>Sie finden hier ausf\u00fchrliche Informationen \u00fcber den gr\u00f6\u00dften deutschen Komponisten des 17. Jahrhunderts, aber auch \u00fcber die Arbeit unserer Gesellschaft.<\/p>\n\n\n\n<p>M\u00f6chten Sie aktiv daran mitarbeiten, die Musik von Heinrich Sch\u00fctz zu verbreiten und zu pflegen?<\/p>\n\n\n\n<p>Dann sind Sie herzlich dazu eingeladen unserer Gesellschaft als <a href=\"https:\/\/www.schuetzgesellschaft.de\/?page_id=166\">Mitglied <\/a>beizutreten.<\/p>\n\n\n\n<br>\n\n\n\n<hr class=\"wp-block-separator has-alpha-channel-opacity\"\/>\n\n\n\n<p>55. Internationales Heinrich-Sch\u00fctz-Fest<br>Freudenstadt, 18.\u201321. Juni 2026<\/p>\n\n\n\n<h2 class=\"wp-block-heading\">Sch\u00fctz und W\u00fcrttemberg \u2013 Musik- und Repr\u00e4sentationskultur um 1600<\/h2>\n\n\n\n<p>Das 55. Internationale Heinrich-Sch\u00fctz-Fest f\u00fchrt die Internationale Heinrich-Sch\u00fctz-Gesellschaft in diesem Jahr in die Schwarzwaldstadt Freudenstadt, die 1599 von Herzog Friedrich I. von W\u00fcrttemberg gegr\u00fcndet wurde. Im selben Jahr trat Heinrich Sch\u00fctz zur Ausbildung als Kapellknabe in das Collegium Mauritianum in Kassel ein. Wenig sp\u00e4ter verhandelte Landgraf Moritz von Hessen, Sch\u00fctz\u2019 Entdecker und F\u00f6rderer, mit dem Stuttgarter Orgelbauer Conrad Schott \u00fcber eine Orgel f\u00fcr seine Residenz. Zwar kamen diese Verhandlungen nicht zum Abschluss; doch spricht manches daf\u00fcr, dass es sich bei der dabei in Rede stehenden Orgel um jenes Instrument handelt, das Herzog Friedrich I. wenig sp\u00e4ter f\u00fcr die neu errichtete Kirche in Freudenstadt bauen lie\u00df.<\/p>\n\n\n\n<p>Obgleich der urspr\u00fcngliche Plan der regelm\u00e4\u00dfig angelegten Stadt infolge der historischen Umst\u00e4nde nicht vollst\u00e4ndig verwirklicht werden konnte, bewahrt Freudenstadt bis heute eindrucksvolle architektonische Zeugnisse einer fr\u00fchneuzeitlichen Idealstadt.<\/p>\n\n\n\n<p>Wir freuen uns sehr darauf, die Stadt vier Tage lang mit Musik von Heinrich Sch\u00fctz und seinen Zeitgenossen aus ihrer Gr\u00fcndungszeit zu erf\u00fcllen. Daher w\u00fcrde es mich sehr freuen, Sie alle zum 55. Internationalen Heinrich-Sch\u00fctz-Fest in Freudenstadt begr\u00fc\u00dfen zu d\u00fcrfen und dieses besondere Programm gemeinsam mit Ihnen zu erleben.<\/p>\n\n\n\n<p>Arno Paduch<br><em>Pr\u00e4sident<\/em><\/p>\n\n\n\n<div class=\"wp-block-buttons is-content-justification-center is-layout-flex wp-container-core-buttons-is-layout-16018d1d wp-block-buttons-is-layout-flex\">\n<div class=\"wp-block-button\"><a class=\"wp-block-button__link has-text-align-center wp-element-button\" href=\"https:\/\/www.schuetzgesellschaft.de\/?page_id=4822\">ZUM VERANSTALTUNGSKALENDER<\/a><\/div>\n<\/div>\n","protected":false},"excerpt":{"rendered":"<p>Herzlich willkommen bei der Internationalen Heinrich-Sch\u00fctz-Gesellschaft e.V. Sie finden hier ausf\u00fchrliche Informationen \u00fcber den gr\u00f6\u00dften deutschen Komponisten des 17. Jahrhunderts, aber auch \u00fcber die Arbeit unserer Gesellschaft. M\u00f6chten Sie aktiv daran mitarbeiten, die Musik von Heinrich Sch\u00fctz zu verbreiten und zu pflegen? Dann sind Sie herzlich dazu eingeladen unserer Gesellschaft als Mitglied beizutreten. 55. Internationales &#8230; <a title=\"HOME\" class=\"read-more\" href=\"https:\/\/www.schuetzgesellschaft.de\/\" aria-label=\"Mehr Informationen \u00fcber HOME\">mehr<\/a><\/p>\n","protected":false},"author":1,"featured_media":0,"parent":0,"menu_order":23,"comment_status":"closed","ping_status":"closed","template":"","meta":{"footnotes":""},"class_list":{"0":"post-76","1":"page","2":"type-page","3":"status-publish","5":"no-featured-image-padding"},"_links":{"self":[{"href":"https:\/\/www.schuetzgesellschaft.de\/index.php?rest_route=\/wp\/v2\/pages\/76","targetHints":{"allow":["GET"]}}],"collection":[{"href":"https:\/\/www.schuetzgesellschaft.de\/index.php?rest_route=\/wp\/v2\/pages"}],"about":[{"href":"https:\/\/www.schuetzgesellschaft.de\/index.php?rest_route=\/wp\/v2\/types\/page"}],"author":[{"embeddable":true,"href":"https:\/\/www.schuetzgesellschaft.de\/index.php?rest_route=\/wp\/v2\/users\/1"}],"replies":[{"embeddable":true,"href":"https:\/\/www.schuetzgesellschaft.de\/index.php?rest_route=%2Fwp%2Fv2%2Fcomments&post=76"}],"version-history":[{"count":14,"href":"https:\/\/www.schuetzgesellschaft.de\/index.php?rest_route=\/wp\/v2\/pages\/76\/revisions"}],"predecessor-version":[{"id":4993,"href":"https:\/\/www.schuetzgesellschaft.de\/index.php?rest_route=\/wp\/v2\/pages\/76\/revisions\/4993"}],"wp:attachment":[{"href":"https:\/\/www.schuetzgesellschaft.de\/index.php?rest_route=%2Fwp%2Fv2%2Fmedia&parent=76"}],"curies":[{"name":"wp","href":"https:\/\/api.w.org\/{rel}","templated":true}]}}