{"id":4939,"date":"2026-04-10T12:48:27","date_gmt":"2026-04-10T10:48:27","guid":{"rendered":"https:\/\/www.schuetzgesellschaft.de\/?page_id=4939"},"modified":"2026-04-10T12:48:27","modified_gmt":"2026-04-10T10:48:27","slug":"uebernachten-in-freudenstadt-temp","status":"publish","type":"page","link":"https:\/\/www.schuetzgesellschaft.de\/?page_id=4939","title":{"rendered":"\u00dcbernachten in Freudenstadt (temp)"},"content":{"rendered":"\n<h2 class=\"wp-block-heading\">\u00dcbernachten in Freudenstadt<\/h2>\n\n\n\n<p>Gern sind wir unseren Mitgliedern bei der Vermittlung von Hotelzimmern in Freudenstadt behilflich. F\u00fcr Ihren Aufenthalt w\u00e4hrend des 55. Internationalen Heinrich-Sch\u00fctz-Festes k\u00f6nnen wir Ihnen folgendes Angebot vermitteln:<\/p>\n\n\n\n<h4 class=\"wp-block-heading\"><br>Hotel Palmenwald<\/h4>\n\n\n<div class=\"wp-block-image\">\n<figure class=\"alignright size-thumbnail\"><img loading=\"lazy\" decoding=\"async\" width=\"150\" height=\"150\" src=\"https:\/\/www.schuetzgesellschaft.de\/wp-content\/uploads\/2026\/04\/Palmenwald-150x150.jpg\" alt=\"\" class=\"wp-image-4917\"\/><\/figure>\n<\/div>\n\n\n<p>Hohe Decken, Prachtvolle Leuchter, Schwarzw\u00e4lder Gastfreundschaft. Das 1895 erbaute Geb\u00e4ude vereint moderne Komponenten mit dem traditionellen Jugendstil des 19. Jahrhunderts. Ein Erlebnis, bei dem Sie sich zur\u00fcckversetzt f\u00fchlen in alte Zeiten und trotz allem nicht auf den Luxus und die facettenreiche Genusswelt der neuen Zeiten verzichten m\u00fcssen.<\/p>\n\n\n\n<p>Hotel Palmenwald, Lauterbadstrasse 56, 72250 Freudenstadt, <a href=\"https:\/\/www.palmenwald.de\/\" data-type=\"link\" data-id=\"https:\/\/www.palmenwald.de\/\">www.palmenwald.de<\/a>, Tel.: +49 (0)7441 88870, <a href=\"mailto:booking@hotelpalmenwald.de\">booking@hotelpalmenwald.de<\/a><\/p>\n\n\n\n<ul class=\"wp-block-list\">\n<li>18.\u201321.06.2026, Doppelzimmer inkl. Fr\u00fchst\u00fcck &#8211; <strong>341,28 \u20ac<\/strong><\/li>\n<\/ul>\n\n\n\n<h4 class=\"wp-block-heading\"><br>Hotel Krone<\/h4>\n\n\n<div class=\"wp-block-image\">\n<figure class=\"alignright size-thumbnail\"><img loading=\"lazy\" decoding=\"async\" width=\"150\" height=\"150\" src=\"https:\/\/www.schuetzgesellschaft.de\/wp-content\/uploads\/2026\/04\/Hotel_Krone-150x150.webp\" alt=\"\" class=\"wp-image-4921\"\/><\/figure>\n<\/div>\n\n\n<p>Stilvoll eingerichtete, komfortable Zimmer, eine ruhige und zugleich zentrale Lage nahe Marktplatz und Innenstadt sowie ein gepflegtes, gastfreundliches Ambiente machen das Haus zu einer besonders angenehmen Adresse.<\/p>\n\n\n\n<p>Hotel Krone, Marktplatz 29, 72250 Freudenstadt, <a href=\"https:\/\/krone-freudenstadt.de\/\">www.krone-freudenstadt.de<\/a>, Tel.: +49 (0)7441 950910, <a href=\"mailto:info@krone-freudenstadt.de\">info@krone-freudenstadt.de<\/a><\/p>\n\n\n\n<ul class=\"wp-block-list\">\n<li>18.\u201321.06.2026, Doppelzimmer inkl. Fr\u00fchst\u00fcck &#8211; <strong>315,00 \u20ac<\/strong><\/li>\n<\/ul>\n\n\n\n<h4 class=\"wp-block-heading\"><br>Hotel Adler<\/h4>\n\n\n<div class=\"wp-block-image\">\n<figure class=\"alignright size-thumbnail\"><img loading=\"lazy\" decoding=\"async\" width=\"150\" height=\"150\" src=\"https:\/\/www.schuetzgesellschaft.de\/wp-content\/uploads\/2026\/03\/Hotel_Adler-150x150.jpg\" alt=\"\" class=\"wp-image-4843\"\/><\/figure>\n<\/div>\n\n\n<p>Komfortable, modern ausgestattete Zimmer, eine ruhige Lage in unmittelbarer N\u00e4he zum Marktplatz sowie ein famili\u00e4r gef\u00fchrtes Haus mit pers\u00f6nlicher Atmosph\u00e4re bieten ideale Voraussetzungen f\u00fcr einen entspannten Aufenthalt.<\/p>\n\n\n\n<p>Hotel Adler, Forststra\u00dfe 15-17, 72250 Freudenstadt, <a href=\"https:\/\/www.promenaden-hotel.de\/\">www.adler-fds.de<\/a>, Tel.: 0170 4790000<\/p>\n\n\n\n<ul class=\"wp-block-list\">\n<li>18.\u201321.06.2026, Doppelzimmer (Komfort) inkl. Fr\u00fchst\u00fcck &#8211; <strong>411,00 \u20ac<\/strong><\/li>\n\n\n\n<li>18.\u201321.06.2026, Einzelzimmer (Komfort) inkl. Fr\u00fchst\u00fcck &#8211; <strong>318,00 \u20ac<\/strong><\/li>\n\n\n\n<li>18.\u201321.06.2026, Doppelzimmer (Business) inkl. Fr\u00fchst\u00fcck &#8211; <strong>393,00 \u20ac<\/strong><\/li>\n\n\n\n<li>18.\u201321.06.2026, Einzelzimmer (Business) inkl. Fr\u00fchst\u00fcck &#8211; <strong>306,00 \u20ac<\/strong><\/li>\n<\/ul>\n\n\n\n<p><strong>F\u00fcr Zimmerreservierungen kontaktieren Sie uns bitte per E-Mail unter <a href=\"mailto:info@schuetzgesellschaft.de\">info@schuetzgesellschaft.de<\/a>.<\/strong><\/p>\n\n\n\n<p><\/p>\n","protected":false},"excerpt":{"rendered":"<p>\u00dcbernachten in Freudenstadt Gern sind wir unseren Mitgliedern bei der Vermittlung von Hotelzimmern in Freudenstadt behilflich. F\u00fcr Ihren Aufenthalt w\u00e4hrend des 55. Internationalen Heinrich-Sch\u00fctz-Festes k\u00f6nnen wir Ihnen folgendes Angebot vermitteln: Hotel Palmenwald Hohe Decken, Prachtvolle Leuchter, Schwarzw\u00e4lder Gastfreundschaft. Das 1895 erbaute Geb\u00e4ude vereint moderne Komponenten mit dem traditionellen Jugendstil des 19. Jahrhunderts. Ein Erlebnis, bei &#8230; <a title=\"\u00dcbernachten in Freudenstadt (temp)\" class=\"read-more\" href=\"https:\/\/www.schuetzgesellschaft.de\/?page_id=4939\" aria-label=\"Mehr Informationen \u00fcber \u00dcbernachten in Freudenstadt (temp)\">mehr<\/a><\/p>\n","protected":false},"author":1,"featured_media":0,"parent":4819,"menu_order":5,"comment_status":"closed","ping_status":"closed","template":"","meta":{"footnotes":""},"class_list":{"0":"post-4939","1":"page","2":"type-page","3":"status-publish","5":"no-featured-image-padding"},"_links":{"self":[{"href":"https:\/\/www.schuetzgesellschaft.de\/index.php?rest_route=\/wp\/v2\/pages\/4939","targetHints":{"allow":["GET"]}}],"collection":[{"href":"https:\/\/www.schuetzgesellschaft.de\/index.php?rest_route=\/wp\/v2\/pages"}],"about":[{"href":"https:\/\/www.schuetzgesellschaft.de\/index.php?rest_route=\/wp\/v2\/types\/page"}],"author":[{"embeddable":true,"href":"https:\/\/www.schuetzgesellschaft.de\/index.php?rest_route=\/wp\/v2\/users\/1"}],"replies":[{"embeddable":true,"href":"https:\/\/www.schuetzgesellschaft.de\/index.php?rest_route=%2Fwp%2Fv2%2Fcomments&post=4939"}],"version-history":[{"count":1,"href":"https:\/\/www.schuetzgesellschaft.de\/index.php?rest_route=\/wp\/v2\/pages\/4939\/revisions"}],"predecessor-version":[{"id":4940,"href":"https:\/\/www.schuetzgesellschaft.de\/index.php?rest_route=\/wp\/v2\/pages\/4939\/revisions\/4940"}],"up":[{"embeddable":true,"href":"https:\/\/www.schuetzgesellschaft.de\/index.php?rest_route=\/wp\/v2\/pages\/4819"}],"wp:attachment":[{"href":"https:\/\/www.schuetzgesellschaft.de\/index.php?rest_route=%2Fwp%2Fv2%2Fmedia&parent=4939"}],"curies":[{"name":"wp","href":"https:\/\/api.w.org\/{rel}","templated":true}]}}