{"id":4822,"date":"2026-04-10T12:33:18","date_gmt":"2026-04-10T10:33:18","guid":{"rendered":"https:\/\/www.schuetzgesellschaft.de\/?page_id=4822"},"modified":"2026-04-14T11:33:56","modified_gmt":"2026-04-14T09:33:56","slug":"veranstaltungskalender-freudenstadt","status":"publish","type":"page","link":"https:\/\/www.schuetzgesellschaft.de\/?page_id=4822","title":{"rendered":"Veranstaltungskalender"},"content":{"rendered":"\n<h2 class=\"wp-block-heading\">Veranstaltungskalender<\/h2>\n\n\n<div class=\"em em-view-container\" id=\"em-view-1455733590\" data-view=\"list-grouped\">\r\n\t<div class=\"em em-list em-events-list em-events-list-grouped\" id=\"em-events-list-grouped-1455733590\">\r\n\t<h3>18. Juni 2026<\/h3><div class=\"em-event em-item\" style=\"--default-border:#dd3333\">\r\n\t<div class=\"em-item-image \">\r\n\t\t\r\n\t\t<img src='https:\/\/www.schuetzgesellschaft.de\/wp-content\/uploads\/2026\/04\/Ringhof\u00a9evkirchefds.webp' alt='Er\u00f6ffnung des 55. Internationalen Heinrich-Sch\u00fctz-Festes'\/>\r\n\t\t\r\n\t\t\r\n\t<\/div>\r\n\t<div class=\"em-item-info\">\r\n\t\t<div class=\"em-event-meta em-item-meta\">\r\n\t\t\t<div class=\"em-item-meta-line em-event-date em-event-meta-datetime\">\r\n\t\t\t\t<span class=\"em-icon-calendar em-icon\"><\/span>\r\n\t\t\t\t<b>15:00 Uhr | Ev. Gemeindehaus \u201eRinghof&#8221;<\/b>\r\n\t\t\t<\/div>\r\n\t\t\t\r\n\t\t\t\r\n\t\t\t\r\n\t\t<\/div>\r\n\t\t\t<h4><a href=\"https:\/\/www.schuetzgesellschaft.de\/?event=eroeffnung-des-54-internationalen-heinrich-schuetz-festes-2\">Er\u00f6ffnung des 55. Internationalen Heinrich-Sch\u00fctz-Festes<\/a><\/h4>\r\n\t\t<div class=\"em-item-desc\">\r\n\t\t\t<p>Gru\u00dfworte, Festvortrag und musikalische Umrahmung<\/p>\r\n\t\t<\/div>\r\n\t\t<div class=\"em-item-actions input\">\r\n\t\t\t<a class=\"em-item-read-more button\" href=\"https:\/\/www.schuetzgesellschaft.de\/?event=eroeffnung-des-54-internationalen-heinrich-schuetz-festes-2\">Weitere Informationen<\/a>\r\n\t\t\t\r\n\t\t<\/div>\r\n\t<\/div>\r\n<\/div><div class=\"em-event em-item\" style=\"--default-border:#dd3333\">\r\n\t<div class=\"em-item-image \">\r\n\t\t\r\n\t\t<img src='https:\/\/www.schuetzgesellschaft.de\/wp-content\/uploads\/2026\/04\/Freudenstadt-Stadtkirche\u00a9SchiDD.jpg' alt='Stadtf\u00fchrung'\/>\r\n\t\t\r\n\t\t\r\n\t<\/div>\r\n\t<div class=\"em-item-info\">\r\n\t\t<div class=\"em-event-meta em-item-meta\">\r\n\t\t\t<div class=\"em-item-meta-line em-event-date em-event-meta-datetime\">\r\n\t\t\t\t<span class=\"em-icon-calendar em-icon\"><\/span>\r\n\t\t\t\t<b>16:30 Uhr | Rathaus<\/b>\r\n\t\t\t<\/div>\r\n\t\t\t\r\n\t\t\t\r\n\t\t\t\r\n\t\t<\/div>\r\n\t\t\t<h4><a href=\"https:\/\/www.schuetzgesellschaft.de\/?event=stadtfuehrung-9\">Stadtf\u00fchrung<\/a><\/h4>\r\n\t\t<div class=\"em-item-desc\">\r\n\t\t\t<p>Erleben Sie die \u00fcber 400 Jahre alte Geschichte Freudenstadts und erfahren Sie, was die Stadt so besonders macht.<\/p>\r\n\t\t<\/div>\r\n\t\t<div class=\"em-item-actions input\">\r\n\t\t\t<a class=\"em-item-read-more button\" href=\"https:\/\/www.schuetzgesellschaft.de\/?event=stadtfuehrung-9\">Weitere Informationen<\/a>\r\n\t\t\t\r\n\t\t<\/div>\r\n\t<\/div>\r\n<\/div><div class=\"em-event em-item\" style=\"--default-border:#dd3333\">\r\n\t<div class=\"em-item-image \">\r\n\t\t\r\n\t\t<img src='https:\/\/www.schuetzgesellschaft.de\/wp-content\/uploads\/2026\/04\/26041cappella_vocale01_I.jpg' alt='Er\u00f6ffnungskonzert'\/>\r\n\t\t\r\n\t\t\r\n\t<\/div>\r\n\t<div class=\"em-item-info\">\r\n\t\t<div class=\"em-event-meta em-item-meta\">\r\n\t\t\t<div class=\"em-item-meta-line em-event-date em-event-meta-datetime\">\r\n\t\t\t\t<span class=\"em-icon-calendar em-icon\"><\/span>\r\n\t\t\t\t<b>19:30 Uhr | Ev. Stadtkirche<\/b>\r\n\t\t\t<\/div>\r\n\t\t\t\r\n\t\t\t\r\n\t\t\t\r\n\t\t<\/div>\r\n\t\t\t<h4><a href=\"https:\/\/www.schuetzgesellschaft.de\/?event=eroeffnungskonzert-5\">Er\u00f6ffnungskonzert<\/a><\/h4>\r\n\t\t<div class=\"em-item-desc\">\r\n\t\t\t<p><b>\u201ePsalmvertonungen von Sch\u00fctz und seinen Zeitgenossen\"<\/b><br>cappella vocale freudenstadt | Solisten und Instrumentalisten <br>KMD J\u00f6rg M. Sander <em>Leitung<\/em><\/p>\r\n\t\t<\/div>\r\n\t\t<div class=\"em-item-actions input\">\r\n\t\t\t<a class=\"em-item-read-more button\" href=\"https:\/\/www.schuetzgesellschaft.de\/?event=eroeffnungskonzert-5\">Weitere Informationen<\/a>\r\n\t\t\t\r\n\t\t<\/div>\r\n\t<\/div>\r\n<\/div><h3>19. Juni 2026<\/h3><div class=\"em-event em-item\" style=\"--default-border:#dd3333\">\r\n\t<div class=\"em-item-image \">\r\n\t\t\r\n\t\t<img src='https:\/\/www.schuetzgesellschaft.de\/wp-content\/uploads\/2026\/04\/11._Davids_Harfe_und_Hirtentasche-scaled.jpg' alt='Laudes'\/>\r\n\t\t\r\n\t\t\r\n\t<\/div>\r\n\t<div class=\"em-item-info\">\r\n\t\t<div class=\"em-event-meta em-item-meta\">\r\n\t\t\t<div class=\"em-item-meta-line em-event-date em-event-meta-datetime\">\r\n\t\t\t\t<span class=\"em-icon-calendar em-icon\"><\/span>\r\n\t\t\t\t<b>08:30 Uhr | Ev. Stadtkirche<\/b>\r\n\t\t\t<\/div>\r\n\t\t\t\r\n\t\t\t\r\n\t\t\t\r\n\t\t<\/div>\r\n\t\t\t<h4><a href=\"https:\/\/www.schuetzgesellschaft.de\/?event=geselliges-beisammensein-4\">Laudes<\/a><\/h4>\r\n\t\t<div class=\"em-item-desc\">\r\n\t\t\t<p>Liturgisches Morgengebet mit Musik der Sch\u00fctz-Zeit<\/p>\r\n\t\t<\/div>\r\n\t\t<div class=\"em-item-actions input\">\r\n\t\t\t<a class=\"em-item-read-more button\" href=\"https:\/\/www.schuetzgesellschaft.de\/?event=geselliges-beisammensein-4\">Weitere Informationen<\/a>\r\n\t\t\t\r\n\t\t<\/div>\r\n\t<\/div>\r\n<\/div><div class=\"em-event em-item\" style=\"--default-border:#dd3333\">\r\n\t<div class=\"em-item-image \">\r\n\t\t\r\n\t\t<img src='https:\/\/www.schuetzgesellschaft.de\/wp-content\/uploads\/2026\/04\/Gotthold_Schwarz\u00a9Gert_Mothes.jpg' alt='Chorleitungsworkshop (Teil 1)'\/>\r\n\t\t\r\n\t\t\r\n\t<\/div>\r\n\t<div class=\"em-item-info\">\r\n\t\t<div class=\"em-event-meta em-item-meta\">\r\n\t\t\t<div class=\"em-item-meta-line em-event-date em-event-meta-datetime\">\r\n\t\t\t\t<span class=\"em-icon-calendar em-icon\"><\/span>\r\n\t\t\t\t<b>09:30 Uhr | Ev. Gemeindehaus \u201eRinghof&#8221;<\/b>\r\n\t\t\t<\/div>\r\n\t\t\t\r\n\t\t\t\r\n\t\t\t\r\n\t\t<\/div>\r\n\t\t\t<h4><a href=\"https:\/\/www.schuetzgesellschaft.de\/?event=konzert-letzte-dinge-ewiges-licht-2\">Chorleitungsworkshop (Teil 1)<\/a><\/h4>\r\n\t\t<div class=\"em-item-desc\">\r\n\t\t\t<p><b>\u201eHeinrich Sch\u00fctz und der Leipziger Thomanerchor\"<\/b><br>Thomaskantor emeritus Gotthold Schwarz <em>Leitung<\/em><\/p>\r\n\t\t<\/div>\r\n\t\t<div class=\"em-item-actions input\">\r\n\t\t\t<a class=\"em-item-read-more button\" href=\"https:\/\/www.schuetzgesellschaft.de\/?event=konzert-letzte-dinge-ewiges-licht-2\">Weitere Informationen<\/a>\r\n\t\t\t\r\n\t\t<\/div>\r\n\t<\/div>\r\n<\/div><div class=\"em-event em-item\" style=\"--default-border:#dd3333\">\r\n\t<div class=\"em-item-image \">\r\n\t\t\r\n\t\t<img src='https:\/\/www.schuetzgesellschaft.de\/wp-content\/uploads\/2025\/IHSF_2025_Bad_K\u00f6stritz\/IHSF_2025\/04_Heinrich_Schuetz_1200px.jpg' alt='Sch\u00fctz und W\u00fcrttemberg \u2013 Musik- und Repr\u00e4sentationskultur um 1600'\/>\r\n\t\t\r\n\t\t\r\n\t<\/div>\r\n\t<div class=\"em-item-info\">\r\n\t\t<div class=\"em-event-meta em-item-meta\">\r\n\t\t\t<div class=\"em-item-meta-line em-event-date em-event-meta-datetime\">\r\n\t\t\t\t<span class=\"em-icon-calendar em-icon\"><\/span>\r\n\t\t\t\t<b>09:30 Uhr | Ev. Gemeindehaus \u201eRinghof&#8221;<\/b>\r\n\t\t\t<\/div>\r\n\t\t\t\r\n\t\t\t\r\n\t\t\t\r\n\t\t<\/div>\r\n\t\t\t<h4><a href=\"https:\/\/www.schuetzgesellschaft.de\/?event=schuetz-und-wuerttemberg-musik-und-repraesentationskultur-um-1600\">Sch\u00fctz und W\u00fcrttemberg \u2013 Musik- und Repr\u00e4sentationskultur um 1600<\/a><\/h4>\r\n\t\t<div class=\"em-item-desc\">\r\n\t\t\t<p>Wissenschaftliches Symposion mit Vortr\u00e4gen von Prof. Dr. Michael Meyer (Trossingen) und Dr. Vera L\u00fcpkes (Lemgo)<\/p>\r\n\t\t<\/div>\r\n\t\t<div class=\"em-item-actions input\">\r\n\t\t\t<a class=\"em-item-read-more button\" href=\"https:\/\/www.schuetzgesellschaft.de\/?event=schuetz-und-wuerttemberg-musik-und-repraesentationskultur-um-1600\">Weitere Informationen<\/a>\r\n\t\t\t\r\n\t\t<\/div>\r\n\t<\/div>\r\n<\/div><div class=\"em-event em-item\" style=\"--default-border:#dd3333\">\r\n\t<div class=\"em-item-image \">\r\n\t\t\r\n\t\t<img src='https:\/\/www.schuetzgesellschaft.de\/wp-content\/uploads\/2026\/04\/Gotthold_Schwarz\u00a9Gert_Mothes.jpg' alt='Chorleitungsworkshop (Teil 2)'\/>\r\n\t\t\r\n\t\t\r\n\t<\/div>\r\n\t<div class=\"em-item-info\">\r\n\t\t<div class=\"em-event-meta em-item-meta\">\r\n\t\t\t<div class=\"em-item-meta-line em-event-date em-event-meta-datetime\">\r\n\t\t\t\t<span class=\"em-icon-calendar em-icon\"><\/span>\r\n\t\t\t\t<b>14:00 Uhr | Ev. Gemeindehaus \u201eRinghof&#8221;<\/b>\r\n\t\t\t<\/div>\r\n\t\t\t\r\n\t\t\t\r\n\t\t\t\r\n\t\t<\/div>\r\n\t\t\t<h4><a href=\"https:\/\/www.schuetzgesellschaft.de\/?event=chorleitungsworkshop-heinrich-schuetz-und-der-leipziger-thomanerchor-teil-2\">Chorleitungsworkshop (Teil 2)<\/a><\/h4>\r\n\t\t<div class=\"em-item-desc\">\r\n\t\t\t<p><b>\u201eHeinrich Sch\u00fctz und der Leipziger Thomanerchor\"<\/b><br>Thomaskantor emeritus Gotthold Schwarz <em>Leitung<\/em><\/p>\r\n\t\t<\/div>\r\n\t\t<div class=\"em-item-actions input\">\r\n\t\t\t<a class=\"em-item-read-more button\" href=\"https:\/\/www.schuetzgesellschaft.de\/?event=chorleitungsworkshop-heinrich-schuetz-und-der-leipziger-thomanerchor-teil-2\">Weitere Informationen<\/a>\r\n\t\t\t\r\n\t\t<\/div>\r\n\t<\/div>\r\n<\/div><div class=\"em-event em-item\" style=\"--default-border:#dd3333\">\r\n\t<div class=\"em-item-image \">\r\n\t\t\r\n\t\t<img src='https:\/\/www.schuetzgesellschaft.de\/wp-content\/uploads\/2025\/IHSF_2025_Bad_K\u00f6stritz\/IHSF_2025\/10_ISG_LOGO_1200px.jpg' alt='Mitgliederversammlung'\/>\r\n\t\t\r\n\t\t\r\n\t<\/div>\r\n\t<div class=\"em-item-info\">\r\n\t\t<div class=\"em-event-meta em-item-meta\">\r\n\t\t\t<div class=\"em-item-meta-line em-event-date em-event-meta-datetime\">\r\n\t\t\t\t<span class=\"em-icon-calendar em-icon\"><\/span>\r\n\t\t\t\t<b>14:00 Uhr | Ev. Gemeindehaus \u201eRinghof&#8221;<\/b>\r\n\t\t\t<\/div>\r\n\t\t\t\r\n\t\t\t\r\n\t\t\t\r\n\t\t<\/div>\r\n\t\t\t<h4><a href=\"https:\/\/www.schuetzgesellschaft.de\/?event=mitgliederversammlung-5\">Mitgliederversammlung<\/a><\/h4>\r\n\t\t<div class=\"em-item-desc\">\r\n\t\t\t<p>Jahreshauptversammlung der Internationalen Heinrich-Sch\u00fctz-Gesellschaft e.V.<\/p>\r\n\t\t<\/div>\r\n\t\t<div class=\"em-item-actions input\">\r\n\t\t\t<a class=\"em-item-read-more button\" href=\"https:\/\/www.schuetzgesellschaft.de\/?event=mitgliederversammlung-5\">Weitere Informationen<\/a>\r\n\t\t\t\r\n\t\t<\/div>\r\n\t<\/div>\r\n<\/div><div class=\"em-event em-item\" style=\"--default-border:#dd3333\">\r\n\t<div class=\"em-item-image \">\r\n\t\t\r\n\t\t<img src='https:\/\/www.schuetzgesellschaft.de\/wp-content\/uploads\/2026\/04\/Baehnle\u00a9Freudenstadt_Tourismus_Heike_Butschkus.jpg' alt='B\u00e4hnle-Fahrt auf den Kienberg'\/>\r\n\t\t\r\n\t\t\r\n\t<\/div>\r\n\t<div class=\"em-item-info\">\r\n\t\t<div class=\"em-event-meta em-item-meta\">\r\n\t\t\t<div class=\"em-item-meta-line em-event-date em-event-meta-datetime\">\r\n\t\t\t\t<span class=\"em-icon-calendar em-icon\"><\/span>\r\n\t\t\t\t<b>16:00 Uhr | Ev. Stadtkirche<\/b>\r\n\t\t\t<\/div>\r\n\t\t\t\r\n\t\t\t\r\n\t\t\t\r\n\t\t<\/div>\r\n\t\t\t<h4><a href=\"https:\/\/www.schuetzgesellschaft.de\/?event=baehnle-fahrt-auf-den-kienberg\">B\u00e4hnle-Fahrt auf den Kienberg<\/a><\/h4>\r\n\t\t<div class=\"em-item-desc\">\r\n\t\t\t<p>mit M\u00f6glichkeit zur Besteigung des Friedrichsturms und Rundblick \u00fcber Freudenstadt und den Nordschwarzwald<\/p>\r\n\t\t<\/div>\r\n\t\t<div class=\"em-item-actions input\">\r\n\t\t\t<a class=\"em-item-read-more button\" href=\"https:\/\/www.schuetzgesellschaft.de\/?event=baehnle-fahrt-auf-den-kienberg\">Weitere Informationen<\/a>\r\n\t\t\t\r\n\t\t<\/div>\r\n\t<\/div>\r\n<\/div><div class=\"em-event em-item\" style=\"--default-border:#dd3333\">\r\n\t<div class=\"em-item-image has-placeholder\">\r\n\t\t\r\n\t\t\r\n\t\t<div class=\"em-item-image-placeholder\">\r\n\t\t\t<div class=\"date\">\r\n\t\t\t\t<span class=\"day\">19<\/span>\r\n\t\t\t\t<span class=\"month\">Juni<\/span>\r\n\t\t\t<\/div>\r\n\t\t<\/div>\r\n\t\t\r\n\t<\/div>\r\n\t<div class=\"em-item-info\">\r\n\t\t<div class=\"em-event-meta em-item-meta\">\r\n\t\t\t<div class=\"em-item-meta-line em-event-date em-event-meta-datetime\">\r\n\t\t\t\t<span class=\"em-icon-calendar em-icon\"><\/span>\r\n\t\t\t\t<b>19:30 Uhr | Ev. Stadtkirche<\/b>\r\n\t\t\t<\/div>\r\n\t\t\t\r\n\t\t\t\r\n\t\t\t\r\n\t\t<\/div>\r\n\t\t\t<h4><a href=\"https:\/\/www.schuetzgesellschaft.de\/?event=konzert-4\">Konzert<\/a><\/h4>\r\n\t\t<div class=\"em-item-desc\">\r\n\t\t\t<p><b>\u201eHeinrich Sch\u00fctz: Musikalische Exequien und Geistliche Konzerte\"<\/b><br>Studierende und G\u00e4ste der Staatlichen Hochschule f\u00fcr Musik Trossingen | Mika St\u00e4hle <em>Leitung<\/em><\/p>\r\n\t\t<\/div>\r\n\t\t<div class=\"em-item-actions input\">\r\n\t\t\t<a class=\"em-item-read-more button\" href=\"https:\/\/www.schuetzgesellschaft.de\/?event=konzert-4\">Weitere Informationen<\/a>\r\n\t\t\t\r\n\t\t<\/div>\r\n\t<\/div>\r\n<\/div><h3>20. Juni 2026<\/h3><div class=\"em-event em-item\" style=\"--default-border:#dd3333\">\r\n\t<div class=\"em-item-image \">\r\n\t\t\r\n\t\t<img src='https:\/\/www.schuetzgesellschaft.de\/wp-content\/uploads\/2026\/04\/11._Davids_Harfe_und_Hirtentasche-scaled.jpg' alt='Laudes'\/>\r\n\t\t\r\n\t\t\r\n\t<\/div>\r\n\t<div class=\"em-item-info\">\r\n\t\t<div class=\"em-event-meta em-item-meta\">\r\n\t\t\t<div class=\"em-item-meta-line em-event-date em-event-meta-datetime\">\r\n\t\t\t\t<span class=\"em-icon-calendar em-icon\"><\/span>\r\n\t\t\t\t<b>08:30 Uhr | Ev. Stadtkirche<\/b>\r\n\t\t\t<\/div>\r\n\t\t\t\r\n\t\t\t\r\n\t\t\t\r\n\t\t<\/div>\r\n\t\t\t<h4><a href=\"https:\/\/www.schuetzgesellschaft.de\/?event=laudes\">Laudes<\/a><\/h4>\r\n\t\t<div class=\"em-item-desc\">\r\n\t\t\t<p>Liturgisches Morgengebet mit Musik der Sch\u00fctz-Zeit<\/p>\r\n\t\t<\/div>\r\n\t\t<div class=\"em-item-actions input\">\r\n\t\t\t<a class=\"em-item-read-more button\" href=\"https:\/\/www.schuetzgesellschaft.de\/?event=laudes\">Weitere Informationen<\/a>\r\n\t\t\t\r\n\t\t<\/div>\r\n\t<\/div>\r\n<\/div><div class=\"em-event em-item\" style=\"--default-border:#dd3333\">\r\n\t<div class=\"em-item-image \">\r\n\t\t\r\n\t\t<img src='https:\/\/www.schuetzgesellschaft.de\/wp-content\/uploads\/2025\/IHSF_2025_Bad_K\u00f6stritz\/IHSF_2025\/04_Heinrich_Schuetz_1200px.jpg' alt='Sch\u00fctz und W\u00fcrttemberg \u2013 Musik- und Repr\u00e4sentationskultur um 1600'\/>\r\n\t\t\r\n\t\t\r\n\t<\/div>\r\n\t<div class=\"em-item-info\">\r\n\t\t<div class=\"em-event-meta em-item-meta\">\r\n\t\t\t<div class=\"em-item-meta-line em-event-date em-event-meta-datetime\">\r\n\t\t\t\t<span class=\"em-icon-calendar em-icon\"><\/span>\r\n\t\t\t\t<b>09:30 Uhr | Ev. Gemeindehaus \u201eRinghof&#8221;<\/b>\r\n\t\t\t<\/div>\r\n\t\t\t\r\n\t\t\t\r\n\t\t\t\r\n\t\t<\/div>\r\n\t\t\t<h4><a href=\"https:\/\/www.schuetzgesellschaft.de\/?event=schuetz-und-wuerttemberg-musik-und-repraesentationskultur-um-1600-2\">Sch\u00fctz und W\u00fcrttemberg \u2013 Musik- und Repr\u00e4sentationskultur um 1600<\/a><\/h4>\r\n\t\t<div class=\"em-item-desc\">\r\n\t\t\t<p>Wissenschaftliches Symposion mit Vortr\u00e4gen von Prof. Dr. Franz K\u00f6rndle (Augsburg) und Arno Paduch (Wunstorf)<\/p>\r\n\t\t<\/div>\r\n\t\t<div class=\"em-item-actions input\">\r\n\t\t\t<a class=\"em-item-read-more button\" href=\"https:\/\/www.schuetzgesellschaft.de\/?event=schuetz-und-wuerttemberg-musik-und-repraesentationskultur-um-1600-2\">Weitere Informationen<\/a>\r\n\t\t\t\r\n\t\t<\/div>\r\n\t<\/div>\r\n<\/div><div class=\"em-event em-item\" style=\"--default-border:#dd3333\">\r\n\t<div class=\"em-item-image \">\r\n\t\t\r\n\t\t<img src='https:\/\/www.schuetzgesellschaft.de\/wp-content\/uploads\/2026\/04\/Strassbourg\u00a9JoachimKohler-HB-scaled.jpg' alt='Exkursion nach Stra\u00dfburg'\/>\r\n\t\t\r\n\t\t\r\n\t<\/div>\r\n\t<div class=\"em-item-info\">\r\n\t\t<div class=\"em-event-meta em-item-meta\">\r\n\t\t\t<div class=\"em-item-meta-line em-event-date em-event-meta-datetime\">\r\n\t\t\t\t<span class=\"em-icon-calendar em-icon\"><\/span>\r\n\t\t\t\t<b>11:30 Uhr | Busparkplatz \u201eUnterer Markt&#8221;<\/b>\r\n\t\t\t<\/div>\r\n\t\t\t\r\n\t\t\t\r\n\t\t\t\r\n\t\t<\/div>\r\n\t\t\t<h4><a href=\"https:\/\/www.schuetzgesellschaft.de\/?event=exkursion-nach-strassbourg\">Exkursion nach Stra\u00dfburg<\/a><\/h4>\r\n\t\t<div class=\"em-item-desc\">\r\n\t\t\t<p>mit Schiffsrundfahrt auf der Ill und Orgelpr\u00e4sentation mit Abendmusik (Silbermann-Orgel \/ \u00c9glise Saint-Thomas)<\/p>\r\n\t\t<\/div>\r\n\t\t<div class=\"em-item-actions input\">\r\n\t\t\t<a class=\"em-item-read-more button\" href=\"https:\/\/www.schuetzgesellschaft.de\/?event=exkursion-nach-strassbourg\">Weitere Informationen<\/a>\r\n\t\t\t\r\n\t\t<\/div>\r\n\t<\/div>\r\n<\/div><h3>21. Juni 2026<\/h3><div class=\"em-event em-item\" style=\"--default-border:#dd3333\">\r\n\t<div class=\"em-item-image \">\r\n\t\t\r\n\t\t<img src='https:\/\/www.schuetzgesellschaft.de\/wp-content\/uploads\/2026\/04\/Freudenstadt-Stadtkirche\u00a9Gerd_Eichmann-scaled.jpg' alt='Festgottesdienst'\/>\r\n\t\t\r\n\t\t\r\n\t<\/div>\r\n\t<div class=\"em-item-info\">\r\n\t\t<div class=\"em-event-meta em-item-meta\">\r\n\t\t\t<div class=\"em-item-meta-line em-event-date em-event-meta-datetime\">\r\n\t\t\t\t<span class=\"em-icon-calendar em-icon\"><\/span>\r\n\t\t\t\t<b>10:00 Uhr | Ev. Stadtkirche<\/b>\r\n\t\t\t<\/div>\r\n\t\t\t\r\n\t\t\t\r\n\t\t\t\r\n\t\t<\/div>\r\n\t\t\t<h4><a href=\"https:\/\/www.schuetzgesellschaft.de\/?event=festgottesdienst-5\">Festgottesdienst<\/a><\/h4>\r\n\t\t<div class=\"em-item-desc\">\r\n\t\t\t<p>Freudenst\u00e4dter Kantorei | cappella vocale freudenstadt | Solisten und Instrumentalisten | KMD J\u00f6rg Sander <em>Musikalische Leitung<\/em><\/p>\r\n\t\t<\/div>\r\n\t\t<div class=\"em-item-actions input\">\r\n\t\t\t<a class=\"em-item-read-more button\" href=\"https:\/\/www.schuetzgesellschaft.de\/?event=festgottesdienst-5\">Weitere Informationen<\/a>\r\n\t\t\t\r\n\t\t<\/div>\r\n\t<\/div>\r\n<\/div>\t<\/div>\r\n<\/div>\n","protected":false},"excerpt":{"rendered":"<p>Veranstaltungskalender<\/p>\n","protected":false},"author":1,"featured_media":0,"parent":4819,"menu_order":3,"comment_status":"closed","ping_status":"closed","template":"","meta":{"footnotes":""},"class_list":{"0":"post-4822","1":"page","2":"type-page","3":"status-publish","5":"no-featured-image-padding"},"_links":{"self":[{"href":"https:\/\/www.schuetzgesellschaft.de\/index.php?rest_route=\/wp\/v2\/pages\/4822","targetHints":{"allow":["GET"]}}],"collection":[{"href":"https:\/\/www.schuetzgesellschaft.de\/index.php?rest_route=\/wp\/v2\/pages"}],"about":[{"href":"https:\/\/www.schuetzgesellschaft.de\/index.php?rest_route=\/wp\/v2\/types\/page"}],"author":[{"embeddable":true,"href":"https:\/\/www.schuetzgesellschaft.de\/index.php?rest_route=\/wp\/v2\/users\/1"}],"replies":[{"embeddable":true,"href":"https:\/\/www.schuetzgesellschaft.de\/index.php?rest_route=%2Fwp%2Fv2%2Fcomments&post=4822"}],"version-history":[{"count":2,"href":"https:\/\/www.schuetzgesellschaft.de\/index.php?rest_route=\/wp\/v2\/pages\/4822\/revisions"}],"predecessor-version":[{"id":4976,"href":"https:\/\/www.schuetzgesellschaft.de\/index.php?rest_route=\/wp\/v2\/pages\/4822\/revisions\/4976"}],"up":[{"embeddable":true,"href":"https:\/\/www.schuetzgesellschaft.de\/index.php?rest_route=\/wp\/v2\/pages\/4819"}],"wp:attachment":[{"href":"https:\/\/www.schuetzgesellschaft.de\/index.php?rest_route=%2Fwp%2Fv2%2Fmedia&parent=4822"}],"curies":[{"name":"wp","href":"https:\/\/api.w.org\/{rel}","templated":true}]}}