{"id":408,"date":"2019-06-04T14:51:56","date_gmt":"2019-06-04T12:51:56","guid":{"rendered":"https:\/\/www.schuetzgesellschaft.de\/?page_id=408"},"modified":"2019-06-05T10:42:06","modified_gmt":"2019-06-05T08:42:06","slug":"v-2-9-dialogkompositionen","status":"publish","type":"page","link":"https:\/\/www.schuetzgesellschaft.de\/?page_id=408","title":{"rendered":"V.2.9. Dialogkompositionen"},"content":{"rendered":"\n<table id=\"tablepress-BO_V_2_9\" class=\"tablepress tablepress-id-BO_V_2_9\">\n<thead>\n<tr class=\"row-1\">\n\t<th class=\"column-1\">Jahr<\/th><th class=\"column-2\">Autor(en)<\/th><th class=\"column-3\">Titel<\/th><th class=\"column-4\">Download<\/th>\n<\/tr>\n<\/thead>\n<tbody class=\"row-striping row-hover\">\n<tr class=\"row-2\">\n\t<td class=\"column-1\">1979<\/td><td class=\"column-2\"><strong>Blankenburg<\/strong>, Walter<\/td><td class=\"column-3\">Die Dialogkompositionen von Heinrich Sch\u00fctz, in: ders., Kirche und Musik. Gesammelte Aufs\u00e4tze zur Geschichte der gottesdienstlichen Musik, [...] hrsg. v. Erich H\u00fcbner und R. Steiger, G\u00f6ttingen: Vandenhoeck &amp; Ruprecht 1979, S. 123-132 <\/td><td class=\"column-4\">-<\/td>\n<\/tr>\n<tr class=\"row-3\">\n\t<td class=\"column-1\">1995<\/td><td class=\"column-2\"><strong>M\u00e4rker<\/strong>, Michael<\/td><td class=\"column-3\">Die protestantische Dialogkomposition in Deutschland zwischen Heinrich Sch\u00fctz und Johann Sebastian Bach : eine stilkritische Studie, K\u00f6ln: Studio 1995 <\/td><td class=\"column-4\">-<\/td>\n<\/tr>\n<\/tbody>\n<\/table>\n\n","protected":false},"excerpt":{"rendered":"","protected":false},"author":1,"featured_media":0,"parent":397,"menu_order":35,"comment_status":"closed","ping_status":"closed","template":"","meta":{"footnotes":""},"class_list":{"0":"post-408","1":"page","2":"type-page","3":"status-publish","5":"no-featured-image-padding"},"_links":{"self":[{"href":"https:\/\/www.schuetzgesellschaft.de\/index.php?rest_route=\/wp\/v2\/pages\/408","targetHints":{"allow":["GET"]}}],"collection":[{"href":"https:\/\/www.schuetzgesellschaft.de\/index.php?rest_route=\/wp\/v2\/pages"}],"about":[{"href":"https:\/\/www.schuetzgesellschaft.de\/index.php?rest_route=\/wp\/v2\/types\/page"}],"author":[{"embeddable":true,"href":"https:\/\/www.schuetzgesellschaft.de\/index.php?rest_route=\/wp\/v2\/users\/1"}],"replies":[{"embeddable":true,"href":"https:\/\/www.schuetzgesellschaft.de\/index.php?rest_route=%2Fwp%2Fv2%2Fcomments&post=408"}],"version-history":[{"count":3,"href":"https:\/\/www.schuetzgesellschaft.de\/index.php?rest_route=\/wp\/v2\/pages\/408\/revisions"}],"predecessor-version":[{"id":507,"href":"https:\/\/www.schuetzgesellschaft.de\/index.php?rest_route=\/wp\/v2\/pages\/408\/revisions\/507"}],"up":[{"embeddable":true,"href":"https:\/\/www.schuetzgesellschaft.de\/index.php?rest_route=\/wp\/v2\/pages\/397"}],"wp:attachment":[{"href":"https:\/\/www.schuetzgesellschaft.de\/index.php?rest_route=%2Fwp%2Fv2%2Fmedia&parent=408"}],"curies":[{"name":"wp","href":"https:\/\/api.w.org\/{rel}","templated":true}]}}

<table id="tablepress-BO_V_2_9" class="tablepress tablepress-id-BO_V_2_9">
<thead>
<tr class="row-1">
	<th class="column-1">Jahr</th><th class="column-2">Autor(en)</th><th class="column-3">Titel</th><th class="column-4">Download</th>
</tr>
</thead>
<tbody class="row-striping row-hover">
<tr class="row-2">
	<td class="column-1">1979</td><td class="column-2"><strong>Blankenburg</strong>, Walter</td><td class="column-3">Die Dialogkompositionen von Heinrich Schütz, in: ders., Kirche und Musik. Gesammelte Aufsätze zur Geschichte der gottesdienstlichen Musik, [...] hrsg. v. Erich Hübner und R. Steiger, Göttingen: Vandenhoeck &amp; Ruprecht 1979, S. 123-132 </td><td class="column-4">-</td>
</tr>
<tr class="row-3">
	<td class="column-1">1995</td><td class="column-2"><strong>Märker</strong>, Michael</td><td class="column-3">Die protestantische Dialogkomposition in Deutschland zwischen Heinrich Schütz und Johann Sebastian Bach : eine stilkritische Studie, Köln: Studio 1995 </td><td class="column-4">-</td>
</tr>
</tbody>
</table>
