{"id":255,"date":"2019-06-04T12:34:52","date_gmt":"2019-06-04T10:34:52","guid":{"rendered":"https:\/\/www.schuetzgesellschaft.de\/?page_id=255"},"modified":"2019-06-19T09:55:21","modified_gmt":"2019-06-19T07:55:21","slug":"kartenvorverkauf","status":"publish","type":"page","link":"https:\/\/www.schuetzgesellschaft.de\/?page_id=255","title":{"rendered":"Kartenvorverkauf"},"content":{"rendered":"\n<p>Eintrittskarten f\u00fcr das Veranstaltungsprogramm sind ab sofort erh\u00e4ltlich:<\/p>\n\n\n\n<ul class=\"wp-block-list\"><li>online unter <a href=\"http:\/\/www.tickets-stadtkirche-karlsruhe.de\/\">www.tickets-stadtkirche-karlsruhe.de<\/a><\/li><li>per E-Mail an <a href=\"mailto:info@schuetzgesellschaft.de\">info@schuetzgesellschaft.de<\/a><\/li><li>telefonisch unter der Rufnummer <strong>+49 561 316 450 0<\/strong><\/li><li>\u00fcber das <strong>Musikhaus Schlaile<\/strong> Karlsruhe<br>(Kaiserstra\u00dfe 175, 76133 Karlsruhe)<\/li><li>sowie \u00fcber die <strong>Touristinformation Karlsruhe<\/strong><br>(Bahnhofplatz. 6, 76137 Karlsruhe)<\/li><\/ul>\n","protected":false},"excerpt":{"rendered":"<p>Eintrittskarten f\u00fcr das Veranstaltungsprogramm sind ab sofort erh\u00e4ltlich: online unter www.tickets-stadtkirche-karlsruhe.de per E-Mail an info@schuetzgesellschaft.de telefonisch unter der Rufnummer +49 561 316 450 0 \u00fcber das Musikhaus Schlaile Karlsruhe(Kaiserstra\u00dfe 175, 76133 Karlsruhe) sowie \u00fcber die Touristinformation Karlsruhe(Bahnhofplatz. 6, 76137 Karlsruhe)<\/p>\n","protected":false},"author":1,"featured_media":0,"parent":241,"menu_order":27,"comment_status":"closed","ping_status":"closed","template":"","meta":{"footnotes":""},"class_list":{"0":"post-255","1":"page","2":"type-page","3":"status-publish","5":"no-featured-image-padding"},"_links":{"self":[{"href":"https:\/\/www.schuetzgesellschaft.de\/index.php?rest_route=\/wp\/v2\/pages\/255","targetHints":{"allow":["GET"]}}],"collection":[{"href":"https:\/\/www.schuetzgesellschaft.de\/index.php?rest_route=\/wp\/v2\/pages"}],"about":[{"href":"https:\/\/www.schuetzgesellschaft.de\/index.php?rest_route=\/wp\/v2\/types\/page"}],"author":[{"embeddable":true,"href":"https:\/\/www.schuetzgesellschaft.de\/index.php?rest_route=\/wp\/v2\/users\/1"}],"replies":[{"embeddable":true,"href":"https:\/\/www.schuetzgesellschaft.de\/index.php?rest_route=%2Fwp%2Fv2%2Fcomments&post=255"}],"version-history":[{"count":3,"href":"https:\/\/www.schuetzgesellschaft.de\/index.php?rest_route=\/wp\/v2\/pages\/255\/revisions"}],"predecessor-version":[{"id":904,"href":"https:\/\/www.schuetzgesellschaft.de\/index.php?rest_route=\/wp\/v2\/pages\/255\/revisions\/904"}],"up":[{"embeddable":true,"href":"https:\/\/www.schuetzgesellschaft.de\/index.php?rest_route=\/wp\/v2\/pages\/241"}],"wp:attachment":[{"href":"https:\/\/www.schuetzgesellschaft.de\/index.php?rest_route=%2Fwp%2Fv2%2Fmedia&parent=255"}],"curies":[{"name":"wp","href":"https:\/\/api.w.org\/{rel}","templated":true}]}}