{"id":187,"date":"2019-05-29T17:10:06","date_gmt":"2019-05-29T15:10:06","guid":{"rendered":"https:\/\/www.schuetzgesellschaft.de\/?page_id=187"},"modified":"2019-06-05T11:30:48","modified_gmt":"2019-06-05T09:30:48","slug":"biographie","status":"publish","type":"page","link":"https:\/\/www.schuetzgesellschaft.de\/?page_id=187","title":{"rendered":"Biografie"},"content":{"rendered":"\n<h2 class=\"wp-block-heading\">Das Leben und Werk des Heinrich Sch\u00fctz<\/h2>\n\n\n\n<table id=\"tablepress-HS_I\" class=\"tablepress tablepress-id-HS_I\">\n<thead>\n<tr class=\"row-1\">\n\t<th class=\"column-1\">Jahr<\/th><th class=\"column-2\">Leben<\/th><th class=\"column-3\">Werk<\/th>\n<\/tr>\n<\/thead>\n<tbody class=\"row-striping row-hover\">\n<tr class=\"row-2\">\n\t<td class=\"column-1\"><strong>1585 <\/strong><\/td><td class=\"column-2\">Heinrich Sch\u00fctz wird am 9. Oktober (alter julianischer Kalender) in der evangelisch-lutherischen Kirche zu K\u00f6stritz (heute Bad K\u00f6stritz in Th\u00fcringen) als \u00e4ltester Sohn von Christoph Sch\u00fctz und Euphrosyne, geb. Bieger, getauft.<\/td><td class=\"column-3\"><\/td>\n<\/tr>\n<tr class=\"row-3\">\n\t<td class=\"column-1\"><strong>1590 <\/strong><\/td><td class=\"column-2\">Die Familie Sch\u00fctz \u00fcbersiedelt nach Wei\u00dfenfels, wo Sch\u00fctzens Vater Christoph den Gasthof \"Zum Ring\" \u00fcbernimmt. <\/td><td class=\"column-3\"><\/td>\n<\/tr>\n<tr class=\"row-4\">\n\t<td class=\"column-1\"><strong>1598 <\/strong><\/td><td class=\"column-2\">Landgraf Moritz von Hessen-Kassel n\u00e4chtigt in Wei\u00dfenfels in Christoph Sch\u00fctzens Gasthof und bietet f\u00fcr Heinrich eine Erziehung am Kasseler Mauritianum an. <\/td><td class=\"column-3\"><\/td>\n<\/tr>\n<tr class=\"row-5\">\n\t<td class=\"column-1\"><strong>1599 <\/strong><\/td><td class=\"column-2\">Sch\u00fctz wird ins Kasseler Collegium Mauritianum aufgenommen. <\/td><td class=\"column-3\"><\/td>\n<\/tr>\n<tr class=\"row-6\">\n\t<td class=\"column-1\"><strong>1608 <\/strong><\/td><td class=\"column-2\">Studium der Jurisprudenz in Marburg. <\/td><td class=\"column-3\"><\/td>\n<\/tr>\n<tr class=\"row-7\">\n\t<td class=\"column-1\"><strong>1609 <\/strong><\/td><td class=\"column-2\">Sch\u00fctz reist als Stipendiat des Landgrafen zum Studium bei dem Markusorganisten Giovanni Gabrieli nach Venedig. <\/td><td class=\"column-3\"><\/td>\n<\/tr>\n<tr class=\"row-8\">\n\t<td class=\"column-1\"><strong>1611 <\/strong><\/td><td class=\"column-2\"><\/td><td class=\"column-3\">Il primo libro de Madrigali SWV 1-19, Landgraf Moritz von Hessen gewidmet <\/td>\n<\/tr>\n<tr class=\"row-9\">\n\t<td class=\"column-1\"><strong>1612 <\/strong><\/td><td class=\"column-2\">R\u00fcckkehr nach Kassel <\/td><td class=\"column-3\"><\/td>\n<\/tr>\n<tr class=\"row-10\">\n\t<td class=\"column-1\"><strong>1613 <\/strong><\/td><td class=\"column-2\">Landgraf Moritz von Hessen wird von Heinrich Sch\u00fctz auf einer Reise an den Dresdener Hof begleitet.<br \/>\n<br \/>\nAnstellung als 2. Hoforganist in Kassel <\/td><td class=\"column-3\"><\/td>\n<\/tr>\n<tr class=\"row-11\">\n\t<td class=\"column-1\"><strong>1614 <\/strong><\/td><td class=\"column-2\">Zeitweilige Verpflichtung nach Dresden <br \/>\n<br \/>\nBeginnender Streit zwischen Kurf\u00fcrst Johann Gerog I. von Sachsen und Landgraf Moritz von Hessen um Heinrich Sch\u00fctz.<\/td><td class=\"column-3\"><\/td>\n<\/tr>\n<tr class=\"row-12\">\n\t<td class=\"column-1\"><strong>1615 <\/strong><\/td><td class=\"column-2\">Sch\u00fctzens Vater \u00fcbernimmt in Wei\u00dfenfels den Gasthof \"Zur Sackpfeife\", den er in \"Zum Sch\u00fctzen\" umbenennt.<\/td><td class=\"column-3\"><\/td>\n<\/tr>\n<tr class=\"row-13\">\n\t<td class=\"column-1\"><strong>1617 <\/strong><\/td><td class=\"column-2\">Sch\u00fctz wird kurf\u00fcrstlich-s\u00e4chsischer Kapellmeister in Dresden \u2013 neben dem noch lebenden Kapellmeister Rogier Michael und neben dem Kapellmeister \"von Haus aus\" Michael Praetorius.<br \/>\n<br \/>\nMusikalische Ausstattung zur Feier des Besuchs von Kaiser Matthias in Dresden und zur Hundertjahrfeier der Reformation. <\/td><td class=\"column-3\"><\/td>\n<\/tr>\n<tr class=\"row-14\">\n\t<td class=\"column-1\"><strong>1618 <\/strong><\/td><td class=\"column-2\">Neuordnung der Magdeburger Dommusik (zusammen mit Scheidt und Praetorius). <\/td><td class=\"column-3\"><\/td>\n<\/tr>\n<tr class=\"row-15\">\n\t<td class=\"column-1\"><strong>1619 <\/strong><\/td><td class=\"column-2\">Nach dem Tode Rogier Michaels offizielle Bestallung als kurf\u00fcrstlich-s\u00e4chsischer Kapellmeister.<br \/>\n<br \/>\nHeirat mit Magdalena Wildeck (* 1601).<br \/>\n<br \/>\nOrgelpr\u00fcfung in Bayreuth (zusammen mit Scheidt, Praetorius und Johann Staden).<\/td><td class=\"column-3\">Psalmen Davids sampt etlichen Moteten vnd Concerten SWV 22-47, mehrch\u00f6rige Kompositionen mit Generalba\u00df, Johann Georg I. gewidmet<\/td>\n<\/tr>\n<tr class=\"row-16\">\n\t<td class=\"column-1\"><strong>1621 <\/strong><\/td><td class=\"column-2\">Tochter Anna Justina *<br \/>\n<br \/>\nMusikalische Gestaltung der Huldigung der schlesischen St\u00e4nde in Breslau. <\/td><td class=\"column-3\">Syncharma Musicium SWV 49<\/td>\n<\/tr>\n<tr class=\"row-17\">\n\t<td class=\"column-1\"><strong>1623 <\/strong><\/td><td class=\"column-2\">Tochter Euphrosyne *<\/td><td class=\"column-3\">Auferstehungshistorie SWV 50 <\/td>\n<\/tr>\n<tr class=\"row-18\">\n\t<td class=\"column-1\"><strong>1625 <\/strong><\/td><td class=\"column-2\">Ehefrau Magdalena \u2020<\/td><td class=\"column-3\">Cantiones sacrae SWV 53-93, lateinische Motetten zu 4 Stimmen und Generalba\u00df, dem kathol. F\u00fcrsten Joh. Ulrich von Eggenberg gewidmet <\/td>\n<\/tr>\n<tr class=\"row-19\">\n\t<td class=\"column-1\"><strong>1627 <\/strong><\/td><td class=\"column-2\">Musikalische Gestaltung des F\u00fcrstentags in Torgau und des Kurf\u00fcrstentags in M\u00fchlhausen.<\/td><td class=\"column-3\">Oper Dafne (nur Text von Opitz erhalten) <br \/>\n<br \/>\nDialogo per la Pascua SWV 443<\/td>\n<\/tr>\n<tr class=\"row-20\">\n\t<td class=\"column-1\"><strong>1628 <\/strong><\/td><td class=\"column-2\">Zweite Italienreise, vermutlich Kontaktaufnahme mit Monteverdi. <\/td><td class=\"column-3\">Beckerscher Psalter SWV 97a-256a, 4stimmige Psalmlieder, Kurf\u00fcrstin Hewig von Sachsen gewidmet <\/td>\n<\/tr>\n<tr class=\"row-21\">\n\t<td class=\"column-1\"><strong>1629 <\/strong><\/td><td class=\"column-2\">R\u00fcckkehr aus Italien.<\/td><td class=\"column-3\">Symphoniae Sacrae I SWV 257-276, lateinische geistliche Konzerte f\u00fcr 3-6 Vokal- und Instrumentalstimmen und Generalba\u00df, Kronprinz Johann Georg von Sachsen gewidmet <\/td>\n<\/tr>\n<tr class=\"row-22\">\n\t<td class=\"column-1\"><strong>1631 <\/strong><\/td><td class=\"column-2\">F\u00fcrstentag in Leipzig<br \/>\nVater Christoph Sch\u00fctz \u2020 <\/td><td class=\"column-3\"><\/td>\n<\/tr>\n<tr class=\"row-23\">\n\t<td class=\"column-1\"><strong>1633 <\/strong><\/td><td class=\"column-2\">Erste Reise nach Kopenhagen<br \/>\n<br \/>\nSch\u00fctz wird k\u00f6niglich-d\u00e4nischer Kapellmeister <\/td><td class=\"column-3\"><\/td>\n<\/tr>\n<tr class=\"row-24\">\n\t<td class=\"column-1\"><strong>1634 <\/strong><\/td><td class=\"column-2\">Musikalische Gesamtleitung bei der Hochzeit des d\u00e4n. Kronprinzen Christian und der s\u00e4chs. Prinzessin Magdalena Sibylla in Kopenhagen <\/td><td class=\"column-3\"><\/td>\n<\/tr>\n<tr class=\"row-25\">\n\t<td class=\"column-1\"><strong>1635 <\/strong><\/td><td class=\"column-2\">R\u00fcckkehr nach Dresden.<br \/>\n<br \/>\nMutter Euphrosyne Sch\u00fctz \u2020. <\/td><td class=\"column-3\"><\/td>\n<\/tr>\n<tr class=\"row-26\">\n\t<td class=\"column-1\"><strong>1636<\/strong><\/td><td class=\"column-2\"><\/td><td class=\"column-3\">Musikalische Exequien SWV 279-281, Vokalst\u00fccke f\u00fcr 6 und 8 Singstimmen mit Generalba\u00df, zur Beisetzung von Heinrich Posthumus von Reu\u00df.<br \/>\nKleine geistliche Konzerte I SWV 282-305, deutsche Vokalkonzerte f\u00fcr 1-5 Stimmen und Generalba\u00df, Heinrich von Friesen auf R\u00f6tha gewidmet. <\/td>\n<\/tr>\n<tr class=\"row-27\">\n\t<td class=\"column-1\"><strong>1637 <\/strong><\/td><td class=\"column-2\">Bruder Georg \u2020 <\/td><td class=\"column-3\"><\/td>\n<\/tr>\n<tr class=\"row-28\">\n\t<td class=\"column-1\"><strong>1638 <\/strong><\/td><td class=\"column-2\">Aufenthalte in Wei\u00dfenfels, Hannover und Braunschweig.<br \/>\n<br \/>\nTochter Anna Justina \u2020 <\/td><td class=\"column-3\"><\/td>\n<\/tr>\n<tr class=\"row-29\">\n\t<td class=\"column-1\"><strong>1639<\/strong><\/td><td class=\"column-2\">Reise nach Hannover<\/td><td class=\"column-3\">Kleine geistliche Konzerte II SWV 306-337 f\u00fcr eine bis f\u00fcnf Stimmen und Generalba\u00df; Prinz Frederik von D\u00e4nemark gewidmet <\/td>\n<\/tr>\n<tr class=\"row-30\">\n\t<td class=\"column-1\"><strong>1640<\/strong><\/td><td class=\"column-2\">Aufenthalte in Hannover und Hildesheim <\/td><td class=\"column-3\"><\/td>\n<\/tr>\n<tr class=\"row-31\">\n\t<td class=\"column-1\"><strong>1641<\/strong><\/td><td class=\"column-2\">Vorschl\u00e4ge an den Kurf\u00fcrsten zur Neustrukturierung der Hofkapelle, die sich durch den Krieg in einem desolaten Zustand befindet. <\/td><td class=\"column-3\"><\/td>\n<\/tr>\n<tr class=\"row-32\">\n\t<td class=\"column-1\"><strong>1642<\/strong><\/td><td class=\"column-2\">Zweite Reise nach Kopenhagen <\/td><td class=\"column-3\"><\/td>\n<\/tr>\n<tr class=\"row-33\">\n\t<td class=\"column-1\"><strong>1643<\/strong><\/td><td class=\"column-2\">K\u00f6niglich-d\u00e4nischer Kapellmeister in Kopenhagen. <\/td><td class=\"column-3\"><\/td>\n<\/tr>\n<tr class=\"row-34\">\n\t<td class=\"column-1\"><strong>1644<\/strong><\/td><td class=\"column-2\">Auf der R\u00fcckreise von D\u00e4nemark Aufenthalt in Braunschweig und am Hof in Wolfenb\u00fcttel. <\/td><td class=\"column-3\"><\/td>\n<\/tr>\n<tr class=\"row-35\">\n\t<td class=\"column-1\"><strong>1645<\/strong><\/td><td class=\"column-2\">Am Hof in Wolfenb\u00fcttel.<br \/>\n<br \/>\nErste Bitte an den s\u00e4chsischen Kurf\u00fcrsten um Reduzierung der Amtsverpflichtungen<\/td><td class=\"column-3\">Die sieben Worte Jesu am Kreuz SWV 478 <\/td>\n<\/tr>\n<tr class=\"row-36\">\n\t<td class=\"column-1\"><strong>1647 <\/strong><\/td><td class=\"column-2\">Aufenthalt in Weimar<br \/>\n<br \/>\n<\/td><td class=\"column-3\">Symphoniae Sacrae II SWV 341-367, deutsche geistliche Konzerte f\u00fcr 3-5 Vokal- und Instrumentalstimmen und Generalba\u00df, Kronprinz Christian von D\u00e4nemark gewidmet <\/td>\n<\/tr>\n<tr class=\"row-37\">\n\t<td class=\"column-1\"><strong>1648 <\/strong><\/td><td class=\"column-2\">Heirat der Tochter Euphrosyne mit dem Leipziger Juristen Christoph Pincker.<\/td><td class=\"column-3\">Geistliche Chormusik SWV 368-397, deutsche Motetten zu 5-7 Stimmen und Generalba\u00df ad lib., dem Rat der Stadt Leipzig gewidmet <\/td>\n<\/tr>\n<tr class=\"row-38\">\n\t<td class=\"column-1\"><strong>1650 <\/strong><\/td><td class=\"column-2\">Musikalische Gestaltung der Hochzeit der Prinzen Christian und Moritz von Sachsen mit den Prinzessinnen Christiana und Hedwig von Holstein-Gl\u00fccksburg.<\/td><td class=\"column-3\">Symphoniae Sacrae III SWV 398-418, deutsche geistliche Konzerte f\u00fcr 5-8 Vokal- und Instrumentalstimmen sowie zwei bis acht Complementstimmen ad lib. und Generalba\u00df, Johann Georg I. gewidmet <\/td>\n<\/tr>\n<tr class=\"row-39\">\n\t<td class=\"column-1\"><strong>1651 <\/strong><\/td><td class=\"column-2\">Memorial an Johann Georg I. mit neuerlicher Bitte um Versetzung in den Ruhestand.<br \/>\n<br \/>\nSch\u00fctz erwirbt ein Haus in der Nikolaistra\u00dfe zu Wei\u00dfenfels, das er seit 1657 als st\u00e4ndigen Wohnsitz nutzt.<\/td><td class=\"column-3\"><\/td>\n<\/tr>\n<tr class=\"row-40\">\n\t<td class=\"column-1\"><strong>1652 <\/strong><\/td><td class=\"column-2\">Musikalische Gestaltung der Hochzeit von Magdalena Sybilla, der Witwe des d\u00e4n. Kronprinzen, mit Herzog Friedrich Wilhelm von Sachsen-Altenburg. <\/td><td class=\"column-3\"><\/td>\n<\/tr>\n<tr class=\"row-41\">\n\t<td class=\"column-1\"><strong>1653 <\/strong><\/td><td class=\"column-2\">Neuerliches Gesuch um Versetzung in den Ruhestand.<br \/>\n<br \/>\nZu Caspar Zieglers Schrift Von den Madrigalen steuert Sch\u00fctz eine Vorrede bei. <\/td><td class=\"column-3\"><\/td>\n<\/tr>\n<tr class=\"row-42\">\n\t<td class=\"column-1\"><strong>1655 <\/strong><\/td><td class=\"column-2\">Tochter Euphrosyne \u2020<br \/>\nLetztmaliges Gesuch an Joh. Georg I. um Versetzung in den Ruhestand.<br \/>\n<br \/>\nErnennung zum Kapellmeister \"von Haus aus\" am Hof in Wolfenb\u00fcttel. <\/td><td class=\"column-3\"><\/td>\n<\/tr>\n<tr class=\"row-43\">\n\t<td class=\"column-1\"><strong>1657 <\/strong><\/td><td class=\"column-2\">Tod des Kurf\u00fcrsten Johann Gerog I. von Sachsen.<br \/>\n<br \/>\nVereinigung der Hofkapelle und der ehemaligen kurprinzlichen Kapelle durch den neuen Kurf\u00fcrst.<br \/>\n<br \/>\nSch\u00fctz bleibt \"\u00e4lterer\" Kapellmeister, wird aber vom regelm\u00e4\u00dfigen Dienst befreit.<\/td><td class=\"column-3\">Zw\u00f6lf geistliche Ges\u00e4nge SWV 420-431, f\u00fcr 4 Stimmen und Generalba\u00df ad lib., herausgegeben durch den Dresdner Hoforganisten Christoph Kittel. <\/td>\n<\/tr>\n<tr class=\"row-44\">\n\t<td class=\"column-1\"><strong>1660 <\/strong><\/td><td class=\"column-2\">Reise nach Wolfenb\u00fcttel <\/td><td class=\"column-3\"><\/td>\n<\/tr>\n<tr class=\"row-45\">\n\t<td class=\"column-1\"><strong>1661<\/strong><\/td><td class=\"column-2\"><\/td><td class=\"column-3\">Revidierte Fassung des Beckerschen Psalter SWV 97-256. <\/td>\n<\/tr>\n<tr class=\"row-46\">\n\t<td class=\"column-1\"><strong>1662 <\/strong><\/td><td class=\"column-2\">l\u00e4ngerer Aufenthalt in Wei\u00dfenfels<\/td><td class=\"column-3\">Weihnachtshistorie SWV 435a <\/td>\n<\/tr>\n<tr class=\"row-47\">\n\t<td class=\"column-1\"><strong>1663 <\/strong><\/td><td class=\"column-2\">Neuordnung der Hofmusik in Zeitz <\/td><td class=\"column-3\"><\/td>\n<\/tr>\n<tr class=\"row-48\">\n\t<td class=\"column-1\"><strong>1664 <\/strong><\/td><td class=\"column-2\">Sendung einer gr\u00f6\u00dferen Zahl von Werken nach Wolfenb\u00fcttel<\/td><td class=\"column-3\">Weihnachtshistorie SWV 435, gedruckt wird lediglich die Evangelistenpartie.<br \/>\nLukas-Passion SWV 480 <\/td>\n<\/tr>\n<tr class=\"row-49\">\n\t<td class=\"column-1\"><strong>1665 <\/strong><\/td><td class=\"column-2\">Aufenthalt in Zeitz<\/td><td class=\"column-3\">Johannes-Passion SWV 481a <\/td>\n<\/tr>\n<tr class=\"row-50\">\n\t<td class=\"column-1\"><strong>1666<\/strong><\/td><td class=\"column-2\"><\/td><td class=\"column-3\">Matth\u00e4us-Passion SWV 479 <br \/>\n<br \/>\nLukas-Pasionen SWV 480<\/td>\n<\/tr>\n<tr class=\"row-51\">\n\t<td class=\"column-1\"><strong>1671<\/strong><\/td><td class=\"column-2\"><\/td><td class=\"column-3\">Schwanengesang SWV 482-494 (119. Psalm mit Anhang des 100. Psalms und eines Deutschen Magnificats), f\u00fcr zwei 4stimmige Ch\u00f6re und Generalba\u00df <\/td>\n<\/tr>\n<tr class=\"row-52\">\n\t<td class=\"column-1\"><strong>1672 <\/strong><\/td><td class=\"column-2\">Sch\u00fctz stirbt am 6. November in Dresden im Alter von 87 Jahren <\/td><td class=\"column-3\"><\/td>\n<\/tr>\n<\/tbody>\n<\/table>\n<!-- #tablepress-HS_I from cache -->\n","protected":false},"excerpt":{"rendered":"<p>Das Leben und Werk des Heinrich Sch\u00fctz<\/p>\n","protected":false},"author":1,"featured_media":0,"parent":179,"menu_order":20,"comment_status":"closed","ping_status":"closed","template":"","meta":{"footnotes":""},"class_list":{"0":"post-187","1":"page","2":"type-page","3":"status-publish","5":"no-featured-image-padding"},"_links":{"self":[{"href":"https:\/\/www.schuetzgesellschaft.de\/index.php?rest_route=\/wp\/v2\/pages\/187","targetHints":{"allow":["GET"]}}],"collection":[{"href":"https:\/\/www.schuetzgesellschaft.de\/index.php?rest_route=\/wp\/v2\/pages"}],"about":[{"href":"https:\/\/www.schuetzgesellschaft.de\/index.php?rest_route=\/wp\/v2\/types\/page"}],"author":[{"embeddable":true,"href":"https:\/\/www.schuetzgesellschaft.de\/index.php?rest_route=\/wp\/v2\/users\/1"}],"replies":[{"embeddable":true,"href":"https:\/\/www.schuetzgesellschaft.de\/index.php?rest_route=%2Fwp%2Fv2%2Fcomments&post=187"}],"version-history":[{"count":2,"href":"https:\/\/www.schuetzgesellschaft.de\/index.php?rest_route=\/wp\/v2\/pages\/187\/revisions"}],"predecessor-version":[{"id":696,"href":"https:\/\/www.schuetzgesellschaft.de\/index.php?rest_route=\/wp\/v2\/pages\/187\/revisions\/696"}],"up":[{"embeddable":true,"href":"https:\/\/www.schuetzgesellschaft.de\/index.php?rest_route=\/wp\/v2\/pages\/179"}],"wp:attachment":[{"href":"https:\/\/www.schuetzgesellschaft.de\/index.php?rest_route=%2Fwp%2Fv2%2Fmedia&parent=187"}],"curies":[{"name":"wp","href":"https:\/\/api.w.org\/{rel}","templated":true}]}}